et u = 27 - 23. What is the units digit of 12*u - (-5 - -6)?
7
Suppose 3*c - 2*c = w + 5, 23 = -4*w + 5*c. What is the tens digit of (-3)/w*(-13 + 83)?
0
Suppose 3*s - 1 = 41. Let v = -11 + s. Suppose 5*k - v*d = 6, 3 = -2*k - d + 4*d. What is the units digit of k?
3
Let m = -10 - -20. Let k = m + 52. What is the tens digit of k?
6
Let w be (4/5)/((-4)/(-40)). Suppose 3*z + 430 = w*z. What is the units digit of z?
6
Let f(y) = -2. Let c(v) = -v + 1. Let w(r) = -6*c(r) - f(r). What is the units digit of w(12)?
8
Let o = 1616 + -518. What is the tens digit of o?
9
What is the units digit of (-1)/(-2 - -3) - -152?
1
Suppose 7*m = 27 + 134. Suppose m = 5*b - a + 6, 0 = -5*b - 5*a + 35. What is the units digit of b?
4
Suppose 2*o + o = -3, -o = 3*a - 11. Suppose 3*w - 113 = a*c, -w - 2*w = -3*c - 114. What is the tens digit of w?
3
Suppose -18*i - 1284 = -19*i + 3*d, -3*i = -4*d - 3842. What is the units digit of i?
8
Let x = -9 + 13. Suppose 4*f - 140 = x*t + 204, 2*t + 427 = 5*f. Suppose m + 0*m + 26 = n, 5*n + 4*m = f. What is the tens digit of n?
2
Suppose -3*l - 4 = -7*l + 2*w, -2*l = -5*w - 2. What is the tens digit of (-15*l)/(30/(-200))?
0
Let b(t) = -t**2 + 5*t + 13. Let w be b(-5). Let y = w + 122. What is the units digit of y?
5
Let j(c) = -28*c + 1. Suppose -b + 3*o = -4*b - 18, 0 = 2*b + 4*o + 20. What is the tens digit of j(b)?
5
Let c(f) = 395*f - 34. What is the tens digit of c(3)?
5
Suppose 2*b = 6 + 2. Suppose -b*j - 3*u + 0*u + 30 = 0, 0 = 2*u + 4. Suppose 3*o = 39 + j. What is the units digit of o?
6
Suppose -5*i - 3963 = -13518. Suppose -441 - i = -8*y. What is the units digit of y?
4
Let z(j) = j**3 + 5*j**2 - j + 5. Let o be -1*4*(-9)/(-12). What is the units digit of z(o)?
6
Let o(k) = 145*k + 77. What is the tens digit of o(7)?
9
Suppose -4*u - b + 186 = u, -3*b = 2*u - 77. What is the units digit of u?
7
Let l(j) = -j**2 - 18*j - 27. Let m be l(-14). Let q = 164 - m. What is the tens digit of q?
3
Suppose w + 109 = s + 5*w, 2*s + 4*w - 230 = 0. What is the units digit of s?
1
Suppose -5*o + 9 = -2*o. Let n(f) be the third derivative of f**6/120 - f**5/60 - f**4/6 - 42*f**2. What is the units digit of n(o)?
6
Let o(m) = 15 + m**2 + 7*m - 12 + 9 + 14. What is the units digit of o(-6)?
0
Let u = -556 - -963. What is the units digit of u?
7
Let b(z) be the second derivative of -7*z + 5/2*z**2 + 0 - 1/6*z**3. What is the units digit of b(4)?
1
Let w = -279 + 441. What is the hundreds digit of w - (4/1 - 9)?
1
Suppose 1331 = 5*a + 191. Suppose -5*j + 560 = -5*h, h = -4*j + 215 + a. Let v = 157 - j. What is the tens digit of v?
4
Let g(s) = 12*s - 126. What is the units digit of g(17)?
8
Suppose 0*r + 3*w = 5*r - 42, 0 = -5*r - 2*w + 22. Let o(c) be the second derivative of c**3/2 - 2*c**2 - 5*c. What is the units digit of o(r)?
4
Suppose 12*r = 4*r + 64. What is the units digit of 64 + (20/r - 2)*-4?
2
Suppose -5*m + 37 = -43. Suppose m = 5*d - d. Suppose -h = -d*h + 12. What is the units digit of h?
4
Let s(o) = 31*o**2 + 82*o + 19. Let n(u) = 8*u**2 + 21*u + 5. Let q(j) = -22*n(j) + 6*s(j). What is the units digit of q(-3)?
4
Let a be (16/24)/((-2)/(-27)). Suppose -45 - a = -6*y. What is the units digit of y?
9
Let v(t) = 14*t - 4. Let x(q) = q - 1. Let s(a) = v(a) - 6*x(a). What is the units digit of s(9)?
4
Let x(g) = g**3 - 2*g**2 - 2. Let q be x(2). Let m(p) = -17*p + 3. Let j(l) = -35*l + 7. Let f(k) = -6*j(k) + 13*m(k). What is the units digit of f(q)?
9
Suppose x - f - 79 + 2 = 0, 5*x = 3*f + 377. What is the units digit of x?
3
Suppose 2*s - 17 = -1. Let g = 14 - s. Let n = 58 - g. What is the tens digit of n?
5
Let y(k) = -2*k + 3*k + 6 + 3*k - 3*k. Let g be ((-2)/1)/(-2)*-5. What is the units digit of y(g)?
1
Let k = 124 - 121. Suppose 0 = -a - 2*a - k, 0 = 2*m - 5*a - 33. What is the tens digit of m?
1
Let l be -3 - (-3)/(3/(-5)). Let s(z) = z**3 + 10*z**2 + 11*z - 7. Let d be s(l). Suppose -7*t = -4*t - d. What is the units digit of t?
1
Let r(g) = -g**3 + 2*g**2 + 3*g - 3. Let y be r(2). Suppose 5*a + 0 + 71 = u, 3*a - y*u + 33 = 0. What is the units digit of 24 - (-6)/a*5?
2
Suppose 0 = -8*l + 5*l + 72. What is the units digit of (l/9 - 2)*(-1287)/(-6)?
3
Let m be (-272)/(-12) - ((-15)/(-9) + -1). Suppose -18*i = -m*i + 576. What is the hundreds digit of i?
1
Let g be (-2)/(-20) - 3/30. Suppose -2*p - 4*i = p - 332, g = -5*p + 3*i + 534. What is the units digit of p?
8
Suppose -229 = -3*n - 217. Suppose 0 = 3*w - 5*a + 2*a, 3*a = -4*w. Suppose w*g - 52 = -b - 2*g, 200 = 4*b + n*g. What is the tens digit of b?
4
Let l(b) = 2*b**3 - 3*b + 11. What is the hundreds digit of l(4)?
1
Let n be (15 + 0)*(-4)/(-10). Suppose -2*j - 236 = -n*j. What is the tens digit of j?
5
Let z be (-4)/14 - (-1070)/70. Let j = z + -16. Let u(a) = 68*a**2 + 2*a. What is the tens digit of u(j)?
6
Let y(k) = 2*k**3 - 66*k**2 - 32*k + 91. What is the hundreds digit of y(34)?
3
Let z(s) = 5*s**3 - 4*s**2 + 6*s + 1. Let a(u) = -u**3 - 6*u**2 + 9*u + 17. Let c be a(-7). What is the units digit of z(c)?
8
Let s = -394 - -682. What is the hundreds digit of s?
2
Let h be 1/(-2)*6 - (-1 + -41). Let b = h - -1. What is the units digit of b?
0
Let p(c) = -c**2 + 5*c + 6. Let b be p(6). Let x(k) = k + 14. Let m be x(b). Suppose a - 3*n - m = 0, 0 = -4*a + 3*n - 0*n + 74. What is the units digit of a?
0
Let w = 28 - 19. Suppose s = 21 + w. What is the units digit of s/8*40/15?
0
What is the units digit of (-67050)/(-190) - 2/(-19)?
3
Suppose 19*f = 51*f - 33504. What is the units digit of f?
7
Suppose 5*b = -3*t - 9, 3*t - 6*t = -3*b - 15. Let h be (-3 - -2 - -1)/(-2) - 0. What is the units digit of (3 - h)/b - -12?
1
Let y(h) = -3*h**3 - h**2 - h. Let n be y(-1). Suppose -n*d = -d - 8, -5*m + 33 = 2*d. What is the units digit of -1*(-1 + -8*m)?
1
Suppose -2*t + 3 + 3 = 0. Let d(b) = b**3 + b**2 - 11*b + 2. What is the units digit of d(t)?
5
Suppose -3*c = -0*g + 2*g - 1077, 1619 = 3*g + c. What is the hundreds digit of g?
5
Let n(b) = -7*b**3 - 2*b**2 + 3*b - 2. Let a be n(-6). Suppose -a = -3*q - 7*q. What is the hundreds digit of q?
1
Let m = 96 - 67. Let j = -20 + m. Let q(g) = g + 1. What is the units digit of q(j)?
0
Let t be 1 + 0 - (-33 - 6). Suppose -t = -6*s + 2*s. What is the units digit of (33 - 1) + -9 + s?
3
Suppose -20*g + 1508 = -5672. What is the tens digit of g?
5
Let r(h) = h**3 - 7*h - 4*h + 17 - 12*h**2 - 6*h + 5*h. Let y be r(14). Suppose -3*u - 27 = -o + 34, 5*o + u - y = 0. What is the units digit of o?
9
Let g(h) = 14*h + 5. Let j be g(-1). Suppose 0 = 2*s - r - 66, 5*r = -s + 50 + 5. Let p = s + j. What is the tens digit of p?
2
Let d = 86 + 72. What is the hundreds digit of d?
1
Suppose 4*q - 2*q = 1412. What is the tens digit of q?
0
Let r = 198 - -28. What is the tens digit of r?
2
Suppose -738*m + 21046 = -734*m + 3*h, -2*m = 3*h - 10520. What is the hundreds digit of m?
2
Suppose 0*u - 5*u = -3*g - 61366, 5*g + 3*u = -102288. Let v be g/(-117) + (-2)/(-13). Suppose 6*l - v = 29. What is the units digit of l?
4
What is the thousands digit of 1 + (-12)/6 - (0 + -2303)?
2
Let z be -37 - (-3 - (1 - 3)). Let o = 24 + z. What is the units digit of 3 + o/4 - -7?
7
Let w = 2653 + -1477. What is the units digit of w?
6
Let k be 1094/6 - (5 + (-42)/9). What is the units digit of 5 - k/(2/(-1))?
6
Suppose 762 = 8*z - 8230. What is the tens digit of z?
2
Let l(f) be the third derivative of f**5/60 - 5*f**4/12 + 11*f**3/6 + 11*f**2. What is the units digit of l(14)?
7
What is the thousands digit of -10 - -1 - (37 - 1485)?
1
Let d(g) be the third derivative of -13*g**6/30 - g**5/60 + g**3/6 - 8*g**2. Let l be d(-1). What is the units digit of (-8)/l + (-216)/(-52)?
4
Suppose 28 = 2*b + 4*u, 0 = -2*b + u + 28 + 15. Suppose -21*j = -b*j - 81. What is the units digit of j?
1
Let c be 8/(-2) + (65 - -21). Suppose 0 = -79*o + c*o - 393. What is the hundreds digit of o?
1
Let r(g) = 221*g - 174. What is the hundreds digit of r(6)?
1
Let k = 8 + -4. Let d(f) = -2 + 6*f - 2*f - k*f + 5*f. What is the units digit of d(2)?
8
Suppose -4*a = 8*h - 7*h - 286, 2*h + 4 = 0. Let f = 197 - a. What is the hundreds digit of f?
1
Let n(m) = 6*m**2 - 14*m + 6. Let x be n(-7). Let z = -260 + x. What is the tens digit of z?
3
Suppose 47*f = -f + 44976. 